1).
4
Suppose -471*g = -5*a - 467*g + 42, -g + 2 = 5*a. Let v(c) be the first derivative of -c + 35 + c**a - 4/3*c**3. Calculate v(1).
-3
Let u(t) = 2*t. Let s(k) = -21*k + 226. Suppose 7*j = 82 - 5. Let n be s(j). What is u(n)?
-10
Let b(z) be the first derivative of -1/2*z**2 + 0*z - 2. Let u = 42 + -35. Give b(u).
-7
Let x(q) = 9*q**2 + 13*q - 5. Let b(v) be the third derivative of 11*v**5/60 + 7*v**4/12 - 5*v**3/6 + v**2 + 3. Let a(n) = 5*b(n) - 6*x(n). Determine a(9).
14
Let o = 441 + -447. Let d(k) = -k**3 - 12*k**2 + 16*k + 6. Let u(l) = -l**2 + 2. Let q(z) = o*u(z) + d(z). What is q(-8)?
-6
Let u(g) = g**3 - 11 - 12*g**2 + 11*g + 10*g - 9*g. Suppose -71*n + 76*n = 365. Let r = n + -62. Determine u(r).
0
Let y = -37496 - -37499. Let k(t) be the third derivative of 0*t + 1/24*t**4 + 0 + 1/6*t**y - 1/30*t**5 - 12*t**2. Give k(3).
-14
Let r = -77 + 85. Suppose 3 = z - a, 2 = -10*a + r*a. Let y(u) = -z*u**2 - u + 15 - 9 + 3*u**2. Determine y(0).
6
Let d(g) be the third derivative of -g**6/120 - g**5/30 + g**4/12 + g**3/2 + 1122*g**2. Calculate d(-2).
-1
Let y = -4267 - -4300. Let t(h) be the second derivative of y*h - 3/4*h**4 - 1/6*h**3 + 0*h**2 + 0. Determine t(-1).
-8
Suppose -209*h + 100*h - 404 - 141 = 0. Let g(v) = 15*v + 73. Calculate g(h).
-2
Let l(k) be the second derivative of k**3/6 + 17*k**2/2 - 7*k + 3. Let v(w) = -w**2 - 5*w + 6. Let f be v(1). What is l(f)?
17
Let w = 425 - 457. Let b = -35 - w. Let o(a) = a**3 + 3*a**2 - a + 3. Determine o(b).
6
Let k(l) = 12*l**2 + l - 8. Let y be k(2). Suppose 14*v = y*v. Let p(f) = f - 15. What is p(v)?
-15
Let v(b) = 3*b**3 - 9*b**2 + 32*b - 100. Let y be v(3). Let j(r) = r**2 + 2*r + 2. Let l be j(-2). Let f(t) = 3*t**2 + 0 + 6*t + 4 - 2*t**l. Calculate f(y).
-4
Let m(d) = d**2 + 10115 - 28*d + d**2 - 10192 + 79*d. Calculate m(-27).
4
Let j be 1/(2 + (20/8 - (6 - 1))). Let q(x) = x**3 - 2*x. Determine q(j).
-4
Let m(k) = -21 + 6 + 17 + 6 + 6 - 8*k - k**2. Suppose -2*d + 5*w - 30 = 3*w, 4*w = -2*d. Calculate m(d).
-6
Let n(z) = -51*z + 1. Let j(c) = 97*c - 16. Let p(s) = j(s) + 2*n(s). Give p(-7).
21
Let n(r) = -r - 33. Let j be (-80)/24*6 + 14. Give n(j).
-27
Let p(g) = -g**3 + 2*g**2 + 4*g. Let r be (2/5)/(8/40). Let n be p(r). Let c(d) = -7*d - n*d - 2*d + 18*d + 6. Calculate c(-6).
0
Let m(z) = -2*z + 4. Let j(f) = 6*f - 10. Suppose 3*w - w = 2*k + 6, 2*k - 9 = -w. Let p(b) = k*j(b) + 7*m(b). Calculate p(9).
-10
Let w(a) be the first derivative of -31*a**2/2 + 213*a - 3037. Calculate w(7).
-4
Let i = -4700/3 + 1567. Let m(q) be the third derivative of 1/120*q**6 - i*q**3 + 8*q**2 + 0 + 1/12*q**4 + 1/15*q**5 + 0*q. What is m(-3)?
1
Suppose 151 = -2*d - 19. Let f = d - -88. Let k(v) = 54*v - v**2 + 3 - 27*v - 27*v + v**f. What is k(0)?
3
Let z(j) = -8*j**3 + 7*j**2 - 75*j + 80. Let p(h) = 3*h**3 - 2*h**2 + 37*h - 38. Let c(n) = -5*p(n) - 2*z(n). What is c(8)?
6
Let i(v) = v**2 + 13*v + 6. Let s = 107 - 151. Let y be (-6)/33 + 520/s. Determine i(y).
-6
Let x(n) = 71*n + 70. Let k = 15933 - 15934. Determine x(k).
-1
Let w(c) = c**3 - 11*c**2 - 13*c + 16. Let p(f) = 12 + 61*f - 10*f + 0 + 3*f**2 + 3*f. Let a be p(-18). Determine w(a).
4
Let u(g) be the first derivative of 7*g**2/2 + 4*g + 114. Let h(v) = -11*v - 8. Let j(k) = 3*h(k) + 5*u(k). Determine j(3).
2
Let q(r) = -6*r**2 + 5*r + 8. Let d be (-2)/((-14)/77) - 5. Let s(l) = -7*l**2 + 6*l + 9. Let n(o) = d*q(o) - 5*s(o). Determine n(0).
3
Suppose l = -0*l + 6. Let y(b) = -241*b**2 + 11*b + 5. Let c(x) = -361*x**2 + 13*x + 4. Let n(g) = -2*c(g) + 3*y(g). What is n(l)?
13
Let y(s) = s**3 - 11*s**2 - 2*s + 9. Let n(g) be the third derivative of g**5/10 + g**4/24 - 5*g**3/6 + 4*g**2. Let c(z) = 11*n(z) + 6*y(z). Determine c(-1).
-6
Let r be -4 + (-21)/(147/(-182)). Let j(c) = 9*c - 15. What is j(r)?
183
Let s(n) be the first derivative of -n**4/4 - 8*n**3/3 - 11*n**2/2 - 21*n + 12080. Determine s(-4).
-41
Let k(c) be the second derivative of -c**3/6 + c**2/2 + c. Let m be -493 + 32 + (-1 - (-1 + -5)). Let o = 456 + m. Calculate k(o).
1
Let v(k) be the second derivative of k**5/10 - 17*k**4/12 + 4*k**3 - 5*k**2/2 + 5430*k. Give v(7).
16
Let g(i) be the second derivative of i**4/12 - i**3 - 3*i**2 - 2*i. Let h = 21 + -6. Suppose h = 9*d - 6*d. Determine g(d).
-11
Suppose -434 = h - 15*h. Let d = h + -24. Let n(v) = -v - 5. What is n(d)?
-12
Let h be 5*(40/(-25) - -1). Let z be -1*9 - (-4 + (h - -3)). Let j(g) be the first derivative of g**4/4 + 5*g**3/3 - g**2 + 5*g + 5. Calculate j(z).
15
Let v(t) = -t**2 + 6*t + 29. Let z = -9132 - -9141. Give v(z).
2
Let p(a) = 41*a + 311 - 7*a - 15*a + 62 - 10*a. Calculate p(-44).
-23
Let s = 20 + -47. Let f = 40 + s. Let y = 12 - f. Let j(n) = 9*n**2 + n. Give j(y).
8
Let z(q) = -q**3 + q**2 + 4. Let b be (304/(-95))/(-1 - 11/(-10)). Let h = b - -32. Let l be z(h). Let p(t) = -t**3 + 4*t**2 - 3*t + 6. What is p(l)?
-6
Let q(i) = -i**2 + 4. Let o(l) = 7*l**3 - l + 1. Suppose -5*a = -s + 3 - 2, 5*s + 5*a = 5. Let p be o(s). Suppose 0*u = -p*u + 2*u. Determine q(u).
4
Let s(o) = 15*o**2 + 8*o + 11. Let q be s(-3). Let n = q + -120. Let p(y) = 142*y**3 - 12 + 143*y**3 - 286*y**3 - 9*y**n + 9*y. Give p(-10).
-2
Let i(z) be the first derivative of -z**4/4 + 5*z**3/3 + 372. Give i(5).
0
Let d(h) = 2*h**2 - 2*h - 2. Let y = 205 + -235. Let s be -6*(-2 - y/18). Calculate d(s).
2
Let t be (4 + -3)*(-16 - 4). Let c(s) = -2*s**2 - 34*s + 118. Let v be c(t). Let u(m) = -12*m - 5. Determine u(v).
19
Let k be 4/(-8)*(-2 + -8). Let s(b) = 3 - 11*b**2 + 7*b**2 - 14*b - 2 - 9 + 7*b**2. What is s(k)?
-3
Suppose -3*k + 55*w = 60*w + 25, 5*w + 40 = 0. Let j(m) = -m**3 + 5*m**2 + 7*m - 38. Calculate j(k).
-3
Let u(x) = -53252*x + 26651*x + 26675*x + 376. Give u(-5).
6
Suppose 5*s - 4*x = -174, -3*s + 3*x = -x + 106. Let h(d) = -4*d - 145. Calculate h(s).
-9
Let z(k) be the third derivative of -k**3 + 22*k**2 + k. Let h(c) be the second derivative of c**3/6 + c**2/2 - c. Let x(j) = -h(j) + z(j). What is x(-6)?
-1
Let t(x) = 34 + 34 + x**2 - 107 - 8*x + 32. Let p be (-10)/((-25)/20 - -1). Let j = p - 31. What is t(j)?
2
Let w(v) be the third derivative of -v**6/120 - v**5/12 - v**4/24 + v**3/2 - 4*v**2. Suppose 0 = -843*f + 828*f - 60. Give w(f).
-9
Let x(y) = 3*y**3 + 33*y**2 + 81766*y - 81765*y - 39 - 4*y**3. Give x(33).
-6
Let v(i) = -8*i. Let u = -2333 - -2340. Calculate v(u).
-56
Let f be (6/(-16))/((-69)/920). Let m(d) = -d**3 + 22*d + 10. Calculate m(f).
-5
Let k(h) = 2*h**2 - h - 8. Let q(o) = -3*o**2 + o + 9. Suppose 76 - 61 = 3*p. Let w(s) = p*q(s) + 6*k(s). Determine w(-3).
-27
Let n(d) = -d**3 - 7*d**2 - 8*d - 5. Let u be n(-6). Let v = 13693 - 4661. Let s(j) = -13 + 3 + v*j - 9030*j. Give s(u).
4
Suppose -87*t = -76*t. Suppose t = -7*w + 49. Let c(z) = z**2 - 5*z - 7. Calculate c(w).
7
Suppose -384 = 2*m - 8*m. Suppose -7*b - b = -m. Let c(x) = x**2 - 8*x + 4. Give c(b).
4
Let h(v) = v**2 - 16*v + 49. Let a be 49/(14/(-2))*(11 - 13). Give h(a).
21
Let d(h) = h**3 - 6*h**2 + 7*h - 1. Suppose -5*b - 1 = 4*l - 6*l, -5*l - 15 = 5*b. Let w be -17 + 22 - (l + 2). What is d(w)?
9
Suppose -65 + 71 = 3*f. Let k(p) = 2*p**2 - 5*p + 3. Calculate k(f).
1
Suppose 20 + 8 = l. Suppose 37 = -3*h + l. Let b(k) = -2*k**2 + 3. Calculate b(h).
-15
Let q be (-4)/6*99/6. Suppose 0 = -37*k + 33*k - 132. Let r be k/q + (1 - (2 - 0)). Let c(a) = a**3 - 4*a**2 + 2*a. Calculate c(r).
-4
Suppose -84351 = 18*a - 84405. Let i(z) be the first derivative of 1 + 2/3*z**3 + z + 0*z**2. Calculate i(a).
19
Let q(l) = -2*l. Let s(u) be the third derivative of u**6/120 + 17*u**5/60 + 17*u**4/24 + 2*u**3 + 87*u**2 - u. Let i be s(-16). What is q(i)?
8
Let z(s) = -2*s - 19. Let j(r) = r. Let f(w) = j(w) + z(w). Suppose 50 = -3611*v + 3606*v. Determine f(v).
-9
Let h(f) be the first derivative of 38 - 1/2*f**2 - 7*f. Suppose 0*i - 3*i = 3*b + 21, 5*i + 17 = -2*b. Determine h(b).
-1
Suppose -3*p = -p + 34. Let i = p - -17. Let x(y) be the first derivative of -y**2/2 - 5*y + 47. What is x(i)?
-5
Let v(f) be the first derivative of -f**4/4 - 4*f**3/3 + 19*f**2/2 + 45*f - 372. Calculate v(-6).
3
Let b be (-1 + 3)*319/58. Suppose -23 = b*j - 67. Let t(m) = -m**2 + 4*m + 3. Calculate t(j).
3
Let a(g) be the third derivative of g**6/360 - g**5/40 + 37*g*